he prime factors of 239523053?
7, 11, 3110689
List the prime factors of 518209826.
2, 23, 31, 363401
What are the prime factors of 250187047?
11, 61, 179, 2083
What are the prime factors of 2987568000?
2, 3, 5, 20747
What are the prime factors of 2745499752?
2, 3, 37, 343531
What are the prime factors of 212050007?
13, 181, 227, 397
What are the prime factors of 658787862?
2, 3, 127, 864551
List the prime factors of 49837976.
2, 61, 73, 1399
List the prime factors of 7860607882.
2, 3930303941
List the prime factors of 44601175.
5, 73, 24439
What are the prime factors of 383561136?
2, 3, 7, 126839
List the prime factors of 404869589.
2371, 170759
List the prime factors of 631130738.
2, 7, 1063, 42409
What are the prime factors of 1274447071?
1274447071
What are the prime factors of 5536360395?
3, 5, 41010077
What are the prime factors of 261029012?
2, 283, 293, 787
List the prime factors of 1087341864.
2, 3, 7, 31, 281, 743
List the prime factors of 78782920.
2, 5, 1969573
List the prime factors of 4299829358.
2, 11, 223, 876443
What are the prime factors of 7456497864?
2, 3, 19, 29, 97, 5813
What are the prime factors of 4777733379?
3, 1709, 931877
List the prime factors of 169614753.
3, 7, 11, 734263
What are the prime factors of 5452018037?
32213, 169249
List the prime factors of 482826584.
2, 4019, 15017
List the prime factors of 921061181.
31, 29711651
What are the prime factors of 3616409306?
2, 43, 42051271
List the prime factors of 3184609258.
2, 173, 9204073
List the prime factors of 1157196187.
7, 79, 127, 16477
List the prime factors of 593734209.
3, 197911403
What are the prime factors of 811898539?
47, 17274437
What are the prime factors of 84849599?
23, 3689113
List the prime factors of 764016894.
2, 3, 587, 24103
List the prime factors of 23546398.
2, 109, 108011
List the prime factors of 405877068.
2, 3, 211, 1979
List the prime factors of 5081726035.
5, 19, 53491853
What are the prime factors of 6706837628?
2, 23, 3169583
What are the prime factors of 492949364?
2, 4547, 27103
List the prime factors of 10763639.
10763639
List the prime factors of 978228157.
23, 31, 1371989
What are the prime factors of 53815200?
2, 3, 5, 17, 1319
What are the prime factors of 59763893?
7, 8537699
List the prime factors of 4131669234.
2, 3, 7, 11, 8943007
What are the prime factors of 2973614403?
3, 71, 13960631
List the prime factors of 1734863990.
2, 5, 173486399
What are the prime factors of 11607045?
3, 5, 773803
What are the prime factors of 764276638?
2, 67, 5703557
What are the prime factors of 2771803983?
3, 13, 311, 17579
What are the prime factors of 72585391?
97, 281, 2663
What are the prime factors of 8548924?
2, 37, 47, 1229
List the prime factors of 163758062.
2, 13, 6298387
List the prime factors of 46730333.
13, 3594641
List the prime factors of 49481049.
3, 16493683
List the prime factors of 9556067.
449, 21283
What are the prime factors of 54768571?
11, 13, 449, 853
List the prime factors of 376988463.
3, 97, 431831
What are the prime factors of 541215663?
3, 103, 1751507
What are the prime factors of 789473794?
2, 4259, 92683
List the prime factors of 1834239539.
11, 166749049
What are the prime factors of 260654743?
59, 1487, 2971
List the prime factors of 61970009.
43, 613, 2351
List the prime factors of 37054706.
2, 13, 47, 30323
What are the prime factors of 607737809?
7, 23, 3774769
List the prime factors of 1176772016.
2, 7, 617, 17029
List the prime factors of 1809093786.
2, 3, 301515631
List the prime factors of 47419671.
3, 13, 79, 15391
List the prime factors of 660116898.
2, 3, 7, 59, 29599
What are the prime factors of 1955590110?
2, 3, 5, 607, 35797
What are the prime factors of 6643879221?
3, 7, 316375201
What are the prime factors of 1955845847?
127, 227, 67843
What are the prime factors of 11360374?
2, 5680187
What are the prime factors of 4081965?
3, 5, 272131
What are the prime factors of 748053719?
7, 197, 542461
What are the prime factors of 2576540688?
2, 3, 6763, 7937
What are the prime factors of 48117078?
2, 3, 297019
List the prime factors of 400011648.
2, 3, 61, 17077
List the prime factors of 356900914.
2, 178450457
List the prime factors of 1069635505.
5, 157, 509, 2677
List the prime factors of 501261912.
2, 3, 2320657
List the prime factors of 42439836.
2, 3, 3536653
What are the prime factors of 56300053?
251, 224303
List the prime factors of 7444533129.
3, 11, 225591913
List the prime factors of 5296787671.
7, 756683953
What are the prime factors of 34448610?
2, 3, 5, 7, 41, 4001
What are the prime factors of 4153536366?
2, 3, 7, 757, 130639
List the prime factors of 5006973.
3, 359, 4649
What are the prime factors of 4036495866?
2, 3, 13, 51749947
List the prime factors of 2427470441.
11, 220679131
List the prime factors of 1068777909.
3, 4398263
What are the prime factors of 62906196?
2, 3, 23, 113, 2017
What are the prime factors of 123502779?
3, 4574177
What are the prime factors of 588365344?
2, 7, 375233
List the prime factors of 1966246183.
11, 757, 236129
What are the prime factors of 284156412?
2, 3, 223, 106187
What are the prime factors of 22424761?
22424761
What are the prime factors of 19899033?
3, 7, 11, 86143
What are the prime factors of 52480791?
3, 11, 58901
What are the prime factors of 110028258?
2, 3, 6112681
List the prime factors of 190731828.
2, 3, 7, 47, 48311
List the prime factors of 261792866.
2, 130896433
What are the prime factors of 3374578038?
2, 3, 13, 2207, 19603
List the prime factors of 2855031125.
5, 22840249
What are the prime factors of 91100624?
2, 1531, 3719
List the prime factors of 176278891.
176278891
What are the prime factors of 158946622?
2, 29, 2740459
What are the prime factors of 96548076?
2, 3, 29, 92479
List the prime factors of 115118680.
2, 5, 23, 157, 797
List the prime factors of 8540957.
157, 54401
List the prime factors of 696569205.
3, 5, 46437947
List the prime factors of 15314611.
13, 90619
What are the prime factors of 7307557?
7307557
List the prime factors of 161829438.
2, 3, 3461, 7793
List the prime factors of 3876431748.
2, 3, 7, 6592571
What are the prime factors of 3733170197?
499, 1193, 6271
What are the prime factors of 1422279218?
2, 4099, 173491
What are the prime factors of 646270823?
11, 37, 41, 38729
What are the prime factors of 2467044319?
67, 36821557
What are the prime factors of 2855744354?
2, 17, 23, 3651847
What are the prime factors of 254999815?
5, 7, 167, 43627
List the prime factors of 45769151.
17, 2692303
List the prime factors of 18421618.
2, 9210809
What are the prime factors of 2999585397?
3, 999861799
List the prime factors of 825968513.
19, 3229, 13463
What are the prime factors of 2717486254?
2, 7, 194106161
What are the prime factors of 72436026?
2, 3, 13, 29, 31, 1033
List the prime factors of 35514697.
71, 409, 1223
List the prime factors of 3034655948.
2, 1123, 675569
What are the prime factors of 75613107?
3, 25204369
List the prime factors of 57087852.
2, 3, 659, 7219
List the prime factors of 125528053.
7, 509, 719
What are the prime factors of 2101981329?
3, 7, 47, 131, 5419
What are the prime factors of 31808363?
73, 435731
What are the prime factors of 99853968?
2, 3, 19, 103, 1063
What are the prime factors of 314780222?
2, 59, 241, 11069
What are the prime factors of 2171226055?
5, 1931, 224881
List the prime factors of 49932263.
1303, 38321
List the prime factors of 2080862882.
2, 7, 148633063
What are the prime factors of 2054361089?
11, 919, 203221
What are the prime factors of 4064039?
7, 580577
List the prime factors of 54812359.
7, 19, 412123
What are the prime factors of 163120175?
5, 6524807
What are the prime factors of 45750044?
2, 11437511
What are the prime factors of 239468353?
163, 1469131
What are the prime factors of 56971360?
2, 5, 103, 3457
What are the prime factors of 450246796?
2, 112561699
List the prime factors of 4438741919.
2039, 2176921
List the prime factors of 236090307.
3, 78696769
List the prime factors of 58840382.
2, 29420191
List the prime factors of 719320130.
2, 5, 71932013
List the prime factors of 121970178.
2, 3, 11, 1697
What are the prime factors of 43384921?
227, 191123
What are the prime factors of 4890430?
2, 5, 489043
List the prime factors o